{"id":18869,"date":"2025-10-16T07:45:04","date_gmt":"2025-10-16T07:45:04","guid":{"rendered":"https:\/\/sipcityliquor.com\/perthamboy\/product\/bread-and-butter-chardonnay\/"},"modified":"2026-01-24T11:43:57","modified_gmt":"2026-01-24T11:43:57","slug":"bread-and-butter-chardonnay","status":"publish","type":"product","link":"https:\/\/sipcityliquor.com\/perthamboy\/product\/bread-and-butter-chardonnay\/","title":{"rendered":"BREAD AND BUTTER CHARDONNAY"},"content":{"rendered":"<p>This Chardonnay opens with rich notes of vanilla bean and almond husk, reminiscent of a decadent cr\u00e8me br\u00fbl\u00e9e. The creamy notes are balanced by a soft minerality and a hint of tropical fruit.  Those creamy notes continue to your palate where they are joined with bright acidity and well-integrated oak that leads into a long, creamy finish.<\/p>\n","protected":false},"excerpt":{"rendered":"<p>This Chardonnay opens with rich notes of vanilla bean and almond husk, reminiscent of a decadent cr\u00e8me br\u00fbl\u00e9e. The creamy notes are balanced by a soft minerality and a hint of tropical fruit. Those creamy notes continue to your palate where they are joined with bright acidity and well-integrated oak that leads into a long, [&hellip;]<\/p>\n","protected":false},"featured_media":24609,"comment_status":"open","ping_status":"closed","template":"","meta":{"inline_featured_image":false},"product_cat":[291],"product_tag":[],"class_list":{"0":"post-18869","1":"product","2":"type-product","3":"status-publish","4":"has-post-thumbnail","6":"product_cat-california-chardonnay","8":"first","9":"instock","10":"shipping-taxable","11":"purchasable","12":"product-type-simple"},"_links":{"self":[{"href":"https:\/\/sipcityliquor.com\/perthamboy\/wp-json\/wp\/v2\/product\/18869","targetHints":{"allow":["GET"]}}],"collection":[{"href":"https:\/\/sipcityliquor.com\/perthamboy\/wp-json\/wp\/v2\/product"}],"about":[{"href":"https:\/\/sipcityliquor.com\/perthamboy\/wp-json\/wp\/v2\/types\/product"}],"replies":[{"embeddable":true,"href":"https:\/\/sipcityliquor.com\/perthamboy\/wp-json\/wp\/v2\/comments?post=18869"}],"version-history":[{"count":1,"href":"https:\/\/sipcityliquor.com\/perthamboy\/wp-json\/wp\/v2\/product\/18869\/revisions"}],"predecessor-version":[{"id":21802,"href":"https:\/\/sipcityliquor.com\/perthamboy\/wp-json\/wp\/v2\/product\/18869\/revisions\/21802"}],"wp:featuredmedia":[{"embeddable":true,"href":"https:\/\/sipcityliquor.com\/perthamboy\/wp-json\/wp\/v2\/media\/24609"}],"wp:attachment":[{"href":"https:\/\/sipcityliquor.com\/perthamboy\/wp-json\/wp\/v2\/media?parent=18869"}],"wp:term":[{"taxonomy":"product_cat","embeddable":true,"href":"https:\/\/sipcityliquor.com\/perthamboy\/wp-json\/wp\/v2\/product_cat?post=18869"},{"taxonomy":"product_tag","embeddable":true,"href":"https:\/\/sipcityliquor.com\/perthamboy\/wp-json\/wp\/v2\/product_tag?post=18869"}],"curies":[{"name":"wp","href":"https:\/\/api.w.org\/{rel}","templated":true}]}}